{"id":7515,"date":"2026-01-02T10:49:25","date_gmt":"2026-01-02T09:49:25","guid":{"rendered":"https:\/\/gremidellibrers.com\/new\/agremiats\/galeradas-2\/"},"modified":"2026-01-30T13:57:32","modified_gmt":"2026-01-30T12:57:32","slug":"galeradas","status":"publish","type":"agremiats","link":"https:\/\/gremidellibrers.com\/es\/agremiats\/galeradas\/","title":{"rendered":"Librer\u00eda Galeradas"},"content":{"rendered":"<div class=\"j83agx80\">\n<div>\n<div class=\"dwo3fsh8 g5ia77u1 rt8b4zig n8ej3o3l agehan2d sk4xxmp2 rq0escxv q9uorilb kvgmc6g5 cxmmr5t8 oygrvhab hcukyx3x jb3vyjys rz4wbd8a qt6c0cv9 a8nywdso l9j0dhe7 i1ao9s8h k4urcfbm\">\n<div class=\"j83agx80 cbu4d94t sj5x9vvc cxgpxx05\">\n<div class=\"rq0escxv l9j0dhe7 du4w35lb j83agx80 pfnyh3mw jifvfom9 ll8tlv6m owycx6da btwxx1t3 hv4rvrfc dati1w0a jb3vyjys b5q2rw42 lq239pai mysgfdmx hddg9phg\">\n<div class=\"rq0escxv l9j0dhe7 du4w35lb j83agx80 cbu4d94t g5gj957u d2edcug0 hpfvmrgz rj1gh0hx buofh1pr o8rfisnq p8fzw8mz pcp91wgn iuny7tx3 ipjc6fyt\">\n<div class=\"j83agx80 cbu4d94t ew0dbk1b irj2b8pg\">\n<div class=\"qzhwtbm6 knvmm38d\">\n<div class=\"j83agx80 cbu4d94t ew0dbk1b irj2b8pg\">\u00a0<\/div>\n<\/div>\n<\/div>\n<\/div>\n<\/div>\n<\/div>\n<\/div>\n<\/div>\n<\/div>\n<div class=\"j83agx80\">\n<div>\n<div class=\"dwo3fsh8 g5ia77u1 rt8b4zig n8ej3o3l agehan2d sk4xxmp2 rq0escxv q9uorilb kvgmc6g5 cxmmr5t8 oygrvhab hcukyx3x jb3vyjys rz4wbd8a qt6c0cv9 a8nywdso l9j0dhe7 i1ao9s8h k4urcfbm\">\n<div class=\"j83agx80 cbu4d94t sj5x9vvc cxgpxx05\">\n<div class=\"rq0escxv l9j0dhe7 du4w35lb j83agx80 pfnyh3mw jifvfom9 ll8tlv6m owycx6da btwxx1t3 hv4rvrfc dati1w0a jb3vyjys b5q2rw42 lq239pai mysgfdmx hddg9phg\">\n<div class=\"rq0escxv l9j0dhe7 du4w35lb j83agx80 cbu4d94t g5gj957u d2edcug0 hpfvmrgz rj1gh0hx buofh1pr o8rfisnq p8fzw8mz pcp91wgn iuny7tx3 ipjc6fyt\">\n<div class=\"j83agx80 cbu4d94t ew0dbk1b irj2b8pg\">\n<div class=\"qzhwtbm6 knvmm38d\">\n<div class=\"j83agx80 cbu4d94t ew0dbk1b irj2b8pg\">\n<div class=\"qzhwtbm6 knvmm38d\">GALERADAS es una librer\u00eda generalista situada en el centro de Valencia. Con un amplio fondo, realiza todo tipo de actividades culturales: clubes de lectura, presentaciones de libros, coloquios, debates, talleres, cuenta cuentos\u2026<\/div>\n<\/div>\n<\/div>\n<\/div>\n<\/div>\n<\/div>\n<\/div>\n<\/div>\n<\/div>\n<\/div>\n<p>\u00a0<\/p>\n","protected":false},"featured_media":7441,"template":"","meta":{"_acf_changed":true},"etiqueta-agremiat":[645],"localitat":[584],"class_list":["post-7515","agremiats","type-agremiats","status-publish","has-post-thumbnail","hentry","etiqueta-agremiat-arrancapins","localitat-valencia"],"acf":[],"yoast_head":"<!-- This site is optimized with the Yoast SEO plugin v26.6 - https:\/\/yoast.com\/wordpress\/plugins\/seo\/ -->\n<title>Librer\u00edas agremiadas - Gremi de Llibrers<\/title>\n<meta name=\"description\" content=\"Directorio de librer\u00edas agremiadas al Gremi de Llibrers de Val\u00e8ncia. Encuentra librer\u00edas de proximidad a Valencia y a la provincia, por municipio.\" \/>\n<meta name=\"robots\" content=\"index, follow, max-snippet:-1, max-image-preview:large, max-video-preview:-1\" \/>\n<link rel=\"canonical\" href=\"https:\/\/gremidellibrers.com\/es\/agremiats\/galeradas\/\" \/>\n<meta property=\"og:locale\" content=\"es_ES\" \/>\n<meta property=\"og:type\" content=\"article\" \/>\n<meta property=\"og:title\" content=\"Librer\u00edas agremiadas - Gremi de Llibrers\" \/>\n<meta property=\"og:description\" content=\"Directorio de librer\u00edas agremiadas al Gremi de Llibrers de Val\u00e8ncia. Encuentra librer\u00edas de proximidad a Valencia y a la provincia, por municipio.\" \/>\n<meta property=\"og:url\" content=\"https:\/\/gremidellibrers.com\/es\/agremiats\/galeradas\/\" \/>\n<meta property=\"og:site_name\" content=\"Gremi de Llibrers\" \/>\n<meta property=\"article:modified_time\" content=\"2026-01-30T12:57:32+00:00\" \/>\n<meta property=\"og:image\" content=\"https:\/\/gremidellibrers.com\/wp-content\/uploads\/2026\/01\/LIBRERIA_GALERADAS_v2-2.jpg\" \/>\n\t<meta property=\"og:image:width\" content=\"356\" \/>\n\t<meta property=\"og:image:height\" content=\"156\" \/>\n\t<meta property=\"og:image:type\" content=\"image\/jpeg\" \/>\n<meta name=\"twitter:card\" content=\"summary_large_image\" \/>\n<meta name=\"twitter:label1\" content=\"Tiempo de lectura\" \/>\n\t<meta name=\"twitter:data1\" content=\"1 minuto\" \/>\n<script type=\"application\/ld+json\" class=\"yoast-schema-graph\">{\"@context\":\"https:\/\/schema.org\",\"@graph\":[{\"@type\":\"WebPage\",\"@id\":\"https:\/\/gremidellibrers.com\/es\/agremiats\/galeradas\/\",\"url\":\"https:\/\/gremidellibrers.com\/es\/agremiats\/galeradas\/\",\"name\":\"Librer\u00edas agremiadas - Gremi de Llibrers\",\"isPartOf\":{\"@id\":\"https:\/\/gremidellibrers.com\/es\/#website\"},\"primaryImageOfPage\":{\"@id\":\"https:\/\/gremidellibrers.com\/es\/agremiats\/galeradas\/#primaryimage\"},\"image\":{\"@id\":\"https:\/\/gremidellibrers.com\/es\/agremiats\/galeradas\/#primaryimage\"},\"thumbnailUrl\":\"https:\/\/gremidellibrers.com\/wp-content\/uploads\/2026\/01\/LIBRERIA_GALERADAS_v2-2.jpg\",\"datePublished\":\"2026-01-02T09:49:25+00:00\",\"dateModified\":\"2026-01-30T12:57:32+00:00\",\"description\":\"Directorio de librer\u00edas agremiadas al Gremi de Llibrers de Val\u00e8ncia. Encuentra librer\u00edas de proximidad a Valencia y a la provincia, por municipio.\",\"breadcrumb\":{\"@id\":\"https:\/\/gremidellibrers.com\/es\/agremiats\/galeradas\/#breadcrumb\"},\"inLanguage\":\"es\",\"potentialAction\":[{\"@type\":\"ReadAction\",\"target\":[\"https:\/\/gremidellibrers.com\/es\/agremiats\/galeradas\/\"]}]},{\"@type\":\"ImageObject\",\"inLanguage\":\"es\",\"@id\":\"https:\/\/gremidellibrers.com\/es\/agremiats\/galeradas\/#primaryimage\",\"url\":\"https:\/\/gremidellibrers.com\/wp-content\/uploads\/2026\/01\/LIBRERIA_GALERADAS_v2-2.jpg\",\"contentUrl\":\"https:\/\/gremidellibrers.com\/wp-content\/uploads\/2026\/01\/LIBRERIA_GALERADAS_v2-2.jpg\",\"width\":356,\"height\":156},{\"@type\":\"BreadcrumbList\",\"@id\":\"https:\/\/gremidellibrers.com\/es\/agremiats\/galeradas\/#breadcrumb\",\"itemListElement\":[{\"@type\":\"ListItem\",\"position\":1,\"name\":\"Home\",\"item\":\"https:\/\/gremidellibrers.com\/es\/\"},{\"@type\":\"ListItem\",\"position\":2,\"name\":\"Agremiats\",\"item\":\"https:\/\/gremidellibrers.com\/es\/agremiats\/\"},{\"@type\":\"ListItem\",\"position\":3,\"name\":\"Librer\u00eda Galeradas\"}]},{\"@type\":\"WebSite\",\"@id\":\"https:\/\/gremidellibrers.com\/es\/#website\",\"url\":\"https:\/\/gremidellibrers.com\/es\/\",\"name\":\"Gremi de Llibrers\",\"description\":\"\",\"potentialAction\":[{\"@type\":\"SearchAction\",\"target\":{\"@type\":\"EntryPoint\",\"urlTemplate\":\"https:\/\/gremidellibrers.com\/es\/?s={search_term_string}\"},\"query-input\":{\"@type\":\"PropertyValueSpecification\",\"valueRequired\":true,\"valueName\":\"search_term_string\"}}],\"inLanguage\":\"es\"}]}<\/script>\n<!-- \/ Yoast SEO plugin. -->","yoast_head_json":{"title":"Librer\u00edas agremiadas - Gremi de Llibrers","description":"Directorio de librer\u00edas agremiadas al Gremi de Llibrers de Val\u00e8ncia. Encuentra librer\u00edas de proximidad a Valencia y a la provincia, por municipio.","robots":{"index":"index","follow":"follow","max-snippet":"max-snippet:-1","max-image-preview":"max-image-preview:large","max-video-preview":"max-video-preview:-1"},"canonical":"https:\/\/gremidellibrers.com\/es\/agremiats\/galeradas\/","og_locale":"es_ES","og_type":"article","og_title":"Librer\u00edas agremiadas - Gremi de Llibrers","og_description":"Directorio de librer\u00edas agremiadas al Gremi de Llibrers de Val\u00e8ncia. Encuentra librer\u00edas de proximidad a Valencia y a la provincia, por municipio.","og_url":"https:\/\/gremidellibrers.com\/es\/agremiats\/galeradas\/","og_site_name":"Gremi de Llibrers","article_modified_time":"2026-01-30T12:57:32+00:00","og_image":[{"width":356,"height":156,"url":"https:\/\/gremidellibrers.com\/wp-content\/uploads\/2026\/01\/LIBRERIA_GALERADAS_v2-2.jpg","type":"image\/jpeg"}],"twitter_card":"summary_large_image","twitter_misc":{"Tiempo de lectura":"1 minuto"},"schema":{"@context":"https:\/\/schema.org","@graph":[{"@type":"WebPage","@id":"https:\/\/gremidellibrers.com\/es\/agremiats\/galeradas\/","url":"https:\/\/gremidellibrers.com\/es\/agremiats\/galeradas\/","name":"Librer\u00edas agremiadas - Gremi de Llibrers","isPartOf":{"@id":"https:\/\/gremidellibrers.com\/es\/#website"},"primaryImageOfPage":{"@id":"https:\/\/gremidellibrers.com\/es\/agremiats\/galeradas\/#primaryimage"},"image":{"@id":"https:\/\/gremidellibrers.com\/es\/agremiats\/galeradas\/#primaryimage"},"thumbnailUrl":"https:\/\/gremidellibrers.com\/wp-content\/uploads\/2026\/01\/LIBRERIA_GALERADAS_v2-2.jpg","datePublished":"2026-01-02T09:49:25+00:00","dateModified":"2026-01-30T12:57:32+00:00","description":"Directorio de librer\u00edas agremiadas al Gremi de Llibrers de Val\u00e8ncia. Encuentra librer\u00edas de proximidad a Valencia y a la provincia, por municipio.","breadcrumb":{"@id":"https:\/\/gremidellibrers.com\/es\/agremiats\/galeradas\/#breadcrumb"},"inLanguage":"es","potentialAction":[{"@type":"ReadAction","target":["https:\/\/gremidellibrers.com\/es\/agremiats\/galeradas\/"]}]},{"@type":"ImageObject","inLanguage":"es","@id":"https:\/\/gremidellibrers.com\/es\/agremiats\/galeradas\/#primaryimage","url":"https:\/\/gremidellibrers.com\/wp-content\/uploads\/2026\/01\/LIBRERIA_GALERADAS_v2-2.jpg","contentUrl":"https:\/\/gremidellibrers.com\/wp-content\/uploads\/2026\/01\/LIBRERIA_GALERADAS_v2-2.jpg","width":356,"height":156},{"@type":"BreadcrumbList","@id":"https:\/\/gremidellibrers.com\/es\/agremiats\/galeradas\/#breadcrumb","itemListElement":[{"@type":"ListItem","position":1,"name":"Home","item":"https:\/\/gremidellibrers.com\/es\/"},{"@type":"ListItem","position":2,"name":"Agremiats","item":"https:\/\/gremidellibrers.com\/es\/agremiats\/"},{"@type":"ListItem","position":3,"name":"Librer\u00eda Galeradas"}]},{"@type":"WebSite","@id":"https:\/\/gremidellibrers.com\/es\/#website","url":"https:\/\/gremidellibrers.com\/es\/","name":"Gremi de Llibrers","description":"","potentialAction":[{"@type":"SearchAction","target":{"@type":"EntryPoint","urlTemplate":"https:\/\/gremidellibrers.com\/es\/?s={search_term_string}"},"query-input":{"@type":"PropertyValueSpecification","valueRequired":true,"valueName":"search_term_string"}}],"inLanguage":"es"}]}},"_links":{"self":[{"href":"https:\/\/gremidellibrers.com\/es\/wp-json\/wp\/v2\/agremiats\/7515","targetHints":{"allow":["GET"]}}],"collection":[{"href":"https:\/\/gremidellibrers.com\/es\/wp-json\/wp\/v2\/agremiats"}],"about":[{"href":"https:\/\/gremidellibrers.com\/es\/wp-json\/wp\/v2\/types\/agremiats"}],"wp:featuredmedia":[{"embeddable":true,"href":"https:\/\/gremidellibrers.com\/es\/wp-json\/wp\/v2\/media\/7441"}],"wp:attachment":[{"href":"https:\/\/gremidellibrers.com\/es\/wp-json\/wp\/v2\/media?parent=7515"}],"wp:term":[{"taxonomy":"etiqueta-agremiat","embeddable":true,"href":"https:\/\/gremidellibrers.com\/es\/wp-json\/wp\/v2\/etiqueta-agremiat?post=7515"},{"taxonomy":"localitat","embeddable":true,"href":"https:\/\/gremidellibrers.com\/es\/wp-json\/wp\/v2\/localitat?post=7515"}],"curies":[{"name":"wp","href":"https:\/\/api.w.org\/{rel}","templated":true}]}}

Librería Galeradas

<div class="j83agx80">
<div>
<div class="dwo3fsh8 g5ia77u1 rt8b4zig n8ej3o3l agehan2d sk4xxmp2 rq0escxv q9uorilb kvgmc6g5 cxmmr5t8 oygrvhab hcukyx3x jb3vyjys rz4wbd8a qt6c0cv9 a8nywdso l9j0dhe7 i1ao9s8h k4urcfbm">
<div class="j83agx80 cbu4d94t sj5x9vvc cxgpxx05">
<div class="rq0escxv l9j0dhe7 du4w35lb j83agx80 pfnyh3mw jifvfom9 ll8tlv6m owycx6da btwxx1t3 hv4rvrfc dati1w0a jb3vyjys b5q2rw42 lq239pai mysgfdmx hddg9phg">
<div class="rq0escxv l9j0dhe7 du4w35lb j83agx80 cbu4d94t g5gj957u d2edcug0 hpfvmrgz rj1gh0hx buofh1pr o8rfisnq p8fzw8mz pcp91wgn iuny7tx3 ipjc6fyt">
<div class="j83agx80 cbu4d94t ew0dbk1b irj2b8pg">
<div class="qzhwtbm6 knvmm38d">
<div class="j83agx80 cbu4d94t ew0dbk1b irj2b8pg"> </div>
</div>
</div>
</div>
</div>
</div>
</div>
</div>
</div>
<div class="j83agx80">
<div>
<div class="dwo3fsh8 g5ia77u1 rt8b4zig n8ej3o3l agehan2d sk4xxmp2 rq0escxv q9uorilb kvgmc6g5 cxmmr5t8 oygrvhab hcukyx3x jb3vyjys rz4wbd8a qt6c0cv9 a8nywdso l9j0dhe7 i1ao9s8h k4urcfbm">
<div class="j83agx80 cbu4d94t sj5x9vvc cxgpxx05">
<div class="rq0escxv l9j0dhe7 du4w35lb j83agx80 pfnyh3mw jifvfom9 ll8tlv6m owycx6da btwxx1t3 hv4rvrfc dati1w0a jb3vyjys b5q2rw42 lq239pai mysgfdmx hddg9phg">
<div class="rq0escxv l9j0dhe7 du4w35lb j83agx80 cbu4d94t g5gj957u d2edcug0 hpfvmrgz rj1gh0hx buofh1pr o8rfisnq p8fzw8mz pcp91wgn iuny7tx3 ipjc6fyt">
<div class="j83agx80 cbu4d94t ew0dbk1b irj2b8pg">
<div class="qzhwtbm6 knvmm38d">
<div class="j83agx80 cbu4d94t ew0dbk1b irj2b8pg">
<div class="qzhwtbm6 knvmm38d">GALERADAS es una librería generalista situada en el centro de Valencia. Con un amplio fondo, realiza todo tipo de actividades culturales: clubes de lectura, presentaciones de libros, coloquios, debates, talleres, cuenta cuentos…</div>
</div>
</div>
</div>
</div>
</div>
</div>
</div>
</div>
</div>
<p> </p>

<!-- This site is optimized with the Yoast SEO plugin v26.6 - https://yoast.com/wordpress/plugins/seo/ -->
<title>Librerías agremiadas - Gremi de Llibrers</title>
<meta name="description" content="Directorio de librerías agremiadas al Gremi de Llibrers de València. Encuentra librerías de proximidad a Valencia y a la provincia, por municipio." />
<meta name="robots" content="index, follow, max-snippet:-1, max-image-preview:large, max-video-preview:-1" />
<link rel="canonical" href="https://gremidellibrers.com/es/agremiats/galeradas/" />
<meta property="og:locale" content="es_ES" />
<meta property="og:type" content="article" />
<meta property="og:title" content="Librerías agremiadas - Gremi de Llibrers" />
<meta property="og:description" content="Directorio de librerías agremiadas al Gremi de Llibrers de València. Encuentra librerías de proximidad a Valencia y a la provincia, por municipio." />
<meta property="og:url" content="https://gremidellibrers.com/es/agremiats/galeradas/" />
<meta property="og:site_name" content="Gremi de Llibrers" />
<meta property="article:modified_time" content="2026-01-30T12:57:32+00:00" />
<meta property="og:image" content="https://gremidellibrers.com/wp-content/uploads/2026/01/LIBRERIA_GALERADAS_v2-2.jpg" />
	<meta property="og:image:width" content="356" />
	<meta property="og:image:height" content="156" />
	<meta property="og:image:type" content="image/jpeg" />
<meta name="twitter:card" content="summary_large_image" />
<meta name="twitter:label1" content="Tiempo de lectura" />
	<meta name="twitter:data1" content="1 minuto" />
<script type="application/ld+json" class="yoast-schema-graph">{"@context":"https://schema.org","@graph":[{"@type":"WebPage","@id":"https://gremidellibrers.com/es/agremiats/galeradas/","url":"https://gremidellibrers.com/es/agremiats/galeradas/","name":"Librerías agremiadas - Gremi de Llibrers","isPartOf":{"@id":"https://gremidellibrers.com/es/#website"},"primaryImageOfPage":{"@id":"https://gremidellibrers.com/es/agremiats/galeradas/#primaryimage"},"image":{"@id":"https://gremidellibrers.com/es/agremiats/galeradas/#primaryimage"},"thumbnailUrl":"https://gremidellibrers.com/wp-content/uploads/2026/01/LIBRERIA_GALERADAS_v2-2.jpg","datePublished":"2026-01-02T09:49:25+00:00","dateModified":"2026-01-30T12:57:32+00:00","description":"Directorio de librerías agremiadas al Gremi de Llibrers de València. Encuentra librerías de proximidad a Valencia y a la provincia, por municipio.","breadcrumb":{"@id":"https://gremidellibrers.com/es/agremiats/galeradas/#breadcrumb"},"inLanguage":"es","potentialAction":[{"@type":"ReadAction","target":["https://gremidellibrers.com/es/agremiats/galeradas/"]}]},{"@type":"ImageObject","inLanguage":"es","@id":"https://gremidellibrers.com/es/agremiats/galeradas/#primaryimage","url":"https://gremidellibrers.com/wp-content/uploads/2026/01/LIBRERIA_GALERADAS_v2-2.jpg","contentUrl":"https://gremidellibrers.com/wp-content/uploads/2026/01/LIBRERIA_GALERADAS_v2-2.jpg","width":356,"height":156},{"@type":"BreadcrumbList","@id":"https://gremidellibrers.com/es/agremiats/galeradas/#breadcrumb","itemListElement":[{"@type":"ListItem","position":1,"name":"Home","item":"https://gremidellibrers.com/es/"},{"@type":"ListItem","position":2,"name":"Agremiats","item":"https://gremidellibrers.com/es/agremiats/"},{"@type":"ListItem","position":3,"name":"Librería Galeradas"}]},{"@type":"WebSite","@id":"https://gremidellibrers.com/es/#website","url":"https://gremidellibrers.com/es/","name":"Gremi de Llibrers","description":"","potentialAction":[{"@type":"SearchAction","target":{"@type":"EntryPoint","urlTemplate":"https://gremidellibrers.com/es/?s={search_term_string}"},"query-input":{"@type":"PropertyValueSpecification","valueRequired":true,"valueName":"search_term_string"}}],"inLanguage":"es"}]}</script>
<!-- / Yoast SEO plugin. -->

Librerías agremiadas - Gremi de Llibrers

Directorio de librerías agremiadas al Gremi de Llibrers de València. Encuentra librerías de proximidad a Valencia y a la provincia, por municipio.
